{"id":8,"date":"2022-06-16T06:43:48","date_gmt":"2022-06-16T06:43:48","guid":{"rendered":"https:\/\/cabinetduvully.ch\/?page_id=8"},"modified":"2024-05-22T06:20:35","modified_gmt":"2024-05-22T06:20:35","slug":"accueil","status":"publish","type":"page","link":"https:\/\/cabinetduvully.ch\/","title":{"rendered":"Accueil"},"content":{"rendered":"<div class=\"vce-row-container\"><div class=\"vce-row vce-element--has-background vce-row--col-gap-0 banner-homme vce-row-equal-height vce-row-content--top\" data-vce-full-width=\"true\" id=\"el-c469acdc\" data-vce-do-apply=\"all el-c469acdc\"><div class=\"vce-content-background-container\"><div class=\"vce-asset-background-simple-container vce-visible-all-only vce-asset-background-simple--style-cover vce-asset-background-simple--position-center-center\"><div class=\"vce-asset-background-simple\">\n              <div class=\"vce-asset-background-simple-item vcv-lozad\" data-background-image=\"https:\/\/cabinetduvully.ch\/app\/uploads\/2022\/07\/220601-VullyPraxis-\u00a9AGENCEB-058.jpg\"><\/div>\n              <noscript>\n                <div class=\"vce-asset-background-simple-item\" style=\"background-image: url(https:\/\/cabinetduvully.ch\/app\/uploads\/2022\/07\/220601-VullyPraxis-\u00a9AGENCEB-058.jpg)\"><\/div>\n              <\/noscript>\n            <\/div><\/div><\/div><div class=\"vce-row-content\" data-vce-element-content=\"true\"><div class=\"vce-col vce-col--md-50p vce-col--xs-1 vce-col--xs-last vce-col--xs-first vce-col--sm-last vce-col--sm-first vce-col--md-first vce-col--lg-first vce-col--xl-first\" id=\"el-aa9c4810\"><div class=\"vce-col-inner\" data-vce-do-apply=\"border margin background  el-aa9c4810\"><div class=\"vce-col-content\" data-vce-element-content=\"true\" data-vce-do-apply=\"padding el-aa9c4810\"><div class=\"vce-single-image-container vce-single-image--align-left\"><div class=\"vce vce-single-image-wrapper\" id=\"el-bf45dc11\" data-vce-do-apply=\"all el-bf45dc11\"><figure><div class=\"vce-single-image-figure-inner\" style=\"width: 300px;\"><div class=\"vce-single-image-inner vce-single-image--absolute\" style=\"width: 100%; padding-bottom: 33%;\"><img loading=\"lazy\" class=\"vce-single-image\"  width=\"300\" height=\"99\" src=\"https:\/\/cabinetduvully.ch\/app\/uploads\/2022\/08\/texte-logo-vully.png\" data-img-src=\"https:\/\/cabinetduvully.ch\/app\/uploads\/2022\/08\/texte-logo-vully.png\" alt=\"logo Cabinet du Vully\" title=\"logo Cabinet du Vully\" \/><\/div><\/div><figcaption hidden=\"\"><\/figcaption><\/figure><\/div><\/div><\/div><\/div><\/div><div class=\"vce-col vce-col--md-25p vce-col--xs-1 vce-col--xs-last vce-col--xs-first vce-col--sm-last vce-col--sm-first\" id=\"el-a026f106\"><div class=\"vce-col-inner\" data-vce-do-apply=\"border margin background  el-a026f106\"><div class=\"vce-col-content\" data-vce-element-content=\"true\" data-vce-do-apply=\"padding el-a026f106\"><div><\/div><\/div><\/div><\/div><div class=\"vce-col vce-col--md-25p vce-col--xs-1 vce-col--xs-last vce-col--xs-first vce-col--sm-last vce-col--sm-first vce-col--md-last vce-col--lg-last vce-col--xl-last\" id=\"el-cbe11c31\"><div class=\"vce-col-inner\" data-vce-do-apply=\"border margin background  el-cbe11c31\"><div class=\"vce-col-content\" data-vce-element-content=\"true\" data-vce-do-apply=\"padding el-cbe11c31\"><div><\/div><\/div><\/div><\/div><\/div><\/div><\/div><div class=\"vce-row-container\"><div class=\"vce-row vce-row--col-gap-30 vce-row-equal-height vce-row-content--top\" data-vce-full-width=\"true\" data-vce-stretch-content=\"true\" id=\"el-10844277\" data-vce-do-apply=\"all el-10844277\"><div class=\"vce-content-background-container\"><\/div><div class=\"vce-row-content\" data-vce-element-content=\"true\"><div class=\"vce-col vce-col--md-auto vce-col--xs-1 vce-col--xs-last vce-col--xs-first vce-col--sm-last vce-col--sm-first vce-col--md-last vce-col--lg-last vce-col--xl-last vce-col--md-first vce-col--lg-first vce-col--xl-first\" id=\"el-65b4eab2\"><div class=\"vce-col-inner\" data-vce-do-apply=\"border margin background  el-65b4eab2\"><div class=\"vce-col-content\" data-vce-element-content=\"true\" data-vce-do-apply=\"padding el-65b4eab2\"><div class=\"vce-row-container\" data-vce-boxed-width=\"true\"><div class=\"vce-row vce-row--xl--has-col-background vce-row--lg--has-col-background vce-row--md--has-col-background vce-row--sm--has-col-background vce-row--xs--has-col-background vce-row--col-gap-30 container_block_blanc vce-row-equal-height vce-row-content--top\" id=\"el-c9d358ab\" data-vce-do-apply=\"all el-c9d358ab\"><div class=\"vce-row-content\" data-vce-element-content=\"true\"><div class=\"vce-col vce-element--xl--has-background vce-element--lg--has-background vce-element--md--has-background vce-element--sm--has-background vce-element--xs--has-background vce-col--xs-100p vce-col--xs-visible vce-col--xs-last vce-col--xs-first vce-col--sm-100p vce-col--sm-visible vce-col--sm-last vce-col--sm-first vce-col--md-100p vce-col--md-visible vce-col--md-last vce-col--md-first vce-col--lg-25p vce-col--lg-visible vce-col--lg-first vce-col--xl-25p vce-col--xl-visible vce-col--xl-first\" id=\"el-e99efa91\"><div class=\"vce-col-inner\" data-vce-do-apply=\"border margin background  el-e99efa91\" vce-box-shadow=\"el-e99efa91\"><div class=\"vce-content-background-container\"><\/div><div class=\"vce-col-content\" data-vce-element-content=\"true\" data-vce-do-apply=\"padding el-e99efa91\"><section class=\"vce-feature vce-feature--alignment--center\"><div class=\"vce vce-feature--wrap-row\" id=\"el-3f1b0f4e\" data-vce-do-apply=\"all el-3f1b0f4e\"><div class=\"vce-features vce-var-icon vce-features--style-none vce-features--size-small\" style=\"--text-align: center; --iconColor: rgb(0, 0, 0); --iconColorHover: rgb(0, 0, 0); --shapeColor: #3cb878; --shapeColorHover: #3cb878; --linkColorHover: #36a56b;\"><div id=\"el-b4f2f59b\" class=\"vce vce-features-icon-wrapper\" data-vce-do-apply=\"all el-b4f2f59b\"><div class=\"vce-features--icon vce-icon\"><svg xmlns=\"https:\/\/www.w3.org\/2000\/svg\" viewBox=\"0 0 769 769\"><path stroke-width=\"25\" d=\"M565.755 696.27h-360l-180-311.77 180-311.77h360l180 311.77z\"><\/path><\/svg><span class=\"vce-icon-container fas fa-stethoscope\"><\/span><\/div><\/div><\/div><p><strong>Urgences<\/strong><br>M\u00e9decin de garde de la Broye: <br>0848 133 133<br>Pharmacie de garde VD: 0848 133 133 ou <a href=\"https:\/\/garde.svph.ch\" target=\"_blank\" rel=\"noopener\">https:\/\/garde.svph.ch<\/a><br>Pharmacie de garde FR: 0900 146 146<br><br>MedAtHome 7j\/7 7h \u00e0 22h 026 670 07 00<\/p><br><p>Urgence vitale : 144<\/p><\/div><\/section><\/div><\/div><\/div><div class=\"vce-col vce-element--xl--has-background vce-element--lg--has-background vce-element--md--has-background vce-element--sm--has-background vce-element--xs--has-background vce-col--xs-100p vce-col--xs-visible vce-col--xs-last vce-col--xs-first vce-col--sm-100p vce-col--sm-visible vce-col--sm-last vce-col--sm-first vce-col--md-100p vce-col--md-visible vce-col--md-last vce-col--md-first vce-col--lg-auto vce-col--lg-visible vce-col--xl-auto vce-col--xl-visible\" id=\"el-bac7eed2\"><div class=\"vce-col-inner\" data-vce-do-apply=\"border margin background  el-bac7eed2\" vce-box-shadow=\"el-bac7eed2\"><div class=\"vce-content-background-container\"><\/div><div class=\"vce-col-content\" data-vce-element-content=\"true\" data-vce-do-apply=\"padding el-bac7eed2\"><section class=\"vce-feature vce-feature--alignment--center\"><div class=\"vce vce-feature--wrap-row\" id=\"el-5d8a587e\" data-vce-do-apply=\"all el-5d8a587e\"><div class=\"vce-features vce-var-icon vce-features--style-none vce-features--size-small\" style=\"--text-align: center; --iconColor: rgb(0, 0, 0); --iconColorHover: rgb(0, 0, 0); --shapeColor: #3cb878; --shapeColorHover: #3cb878; --linkColorHover: #36a56b;\"><div id=\"el-b4f2f59b\" class=\"vce vce-features-icon-wrapper\" data-vce-do-apply=\"all el-b4f2f59b\"><div class=\"vce-features--icon vce-icon\"><svg xmlns=\"https:\/\/www.w3.org\/2000\/svg\" viewBox=\"0 0 769 769\"><path stroke-width=\"25\" d=\"M565.755 696.27h-360l-180-311.77 180-311.77h360l180 311.77z\"><\/path><\/svg><span class=\"vce-icon-container fas fa-envelope\"><\/span><\/div><\/div><\/div><p><strong>Email<\/strong><br>Exclusivement pour les <br>professionnels de la sant\u00e9<\/p><\/div><\/section><div class=\"vce-button--style-outline-container vce-button--style-outline-container--align-center\"><span class=\"vce-button--style-outline-wrapper vce vce-button--style-outline-wrapper--stretched\" id=\"el-dadeb554\" data-vce-do-apply=\"margin el-dadeb554\"><a class=\"vce-button vce-button--style-outline-animated vce-button--style-outline--border-square vce-button--style-outline--size-medium vce-button--style-outline-animated--color-b-0-0-0--fff--3d3d3d vce-button--style-outline-animated--border-color-b-0-0-0--3d3d3d vce-button--style-outline-animated--background-color-3d3d3d\" href=\"#vcv-popup-114\" data-vce-do-apply=\"padding border background  el-dadeb554\"><span class=\"vce-button--style-outline-text\">Je suis un professionnel de la sant\u00e9<\/span><\/a><\/span><\/div><\/div><\/div><\/div><div class=\"vce-col vce-element--xl--has-background vce-element--lg--has-background vce-element--md--has-background vce-element--sm--has-background vce-element--xs--has-background vce-col--xs-100p vce-col--xs-visible vce-col--xs-last vce-col--xs-first vce-col--sm-100p vce-col--sm-visible vce-col--sm-last vce-col--sm-first vce-col--md-100p vce-col--md-visible vce-col--md-last vce-col--md-first vce-col--lg-auto vce-col--lg-visible vce-col--xl-auto vce-col--xl-visible\" id=\"el-e34c7a09\"><div class=\"vce-col-inner\" data-vce-do-apply=\"border margin background  el-e34c7a09\" vce-box-shadow=\"el-e34c7a09\"><div class=\"vce-content-background-container\"><\/div><div class=\"vce-col-content\" data-vce-element-content=\"true\" data-vce-do-apply=\"padding el-e34c7a09\"><section class=\"vce-feature vce-feature--alignment--center\"><div class=\"vce vce-feature--wrap-row\" id=\"el-597d41dd\" data-vce-do-apply=\"all el-597d41dd\"><div class=\"vce-features vce-var-icon vce-features--style-none vce-features--size-small\" style=\"--text-align: center; --iconColor: rgb(0, 0, 0); --iconColorHover: rgb(0, 0, 0); --shapeColor: #3cb878; --shapeColorHover: #3cb878; --linkColorHover: #36a56b;\"><div id=\"el-b4f2f59b\" class=\"vce vce-features-icon-wrapper\" data-vce-do-apply=\"all el-b4f2f59b\"><div class=\"vce-features--icon vce-icon\"><svg xmlns=\"https:\/\/www.w3.org\/2000\/svg\" viewBox=\"0 0 769 769\"><path stroke-width=\"25\" d=\"M565.755 696.27h-360l-180-311.77 180-311.77h360l180 311.77z\"><\/path><\/svg><span class=\"vce-icon-container fas fa-phone\"><\/span><\/div><\/div><\/div><p><strong>T\u00e9l\u00e9phone<\/strong><br>026 677 13 08<\/p><\/div><\/section><\/div><\/div><\/div><div class=\"vce-col vce-element--xl--has-background vce-element--lg--has-background vce-element--md--has-background vce-element--sm--has-background vce-element--xs--has-background vce-col--xs-100p vce-col--xs-visible vce-col--xs-last vce-col--xs-first vce-col--sm-100p vce-col--sm-visible vce-col--sm-last vce-col--sm-first vce-col--md-100p vce-col--md-visible vce-col--md-last vce-col--md-first vce-col--lg-auto vce-col--lg-visible vce-col--lg-last vce-col--xl-auto vce-col--xl-visible vce-col--xl-last\" id=\"el-f518319f\"><div class=\"vce-col-inner\" data-vce-do-apply=\"border margin background  el-f518319f\" vce-box-shadow=\"el-f518319f\"><div class=\"vce-content-background-container\"><\/div><div class=\"vce-col-content\" data-vce-element-content=\"true\" data-vce-do-apply=\"padding el-f518319f\"><section class=\"vce-feature vce-feature--alignment--center\"><div class=\"vce vce-feature--wrap-row\" id=\"el-b92af601\" data-vce-do-apply=\"all el-b92af601\"><div class=\"vce-features vce-var-icon vce-features--style-none vce-features--size-small\" style=\"--text-align: center; --iconColor: rgb(0, 0, 0); --iconColorHover: rgb(0, 0, 0); --shapeColor: #3cb878; --shapeColorHover: #3cb878; --linkColorHover: #36a56b;\"><div id=\"el-b4f2f59b\" class=\"vce vce-features-icon-wrapper\" data-vce-do-apply=\"all el-b4f2f59b\"><div class=\"vce-features--icon vce-icon\"><svg xmlns=\"https:\/\/www.w3.org\/2000\/svg\" viewBox=\"0 0 769 769\"><path stroke-width=\"25\" d=\"M565.755 696.27h-360l-180-311.77 180-311.77h360l180 311.77z\"><\/path><\/svg><span class=\"vce-icon-container fas fa-map-pin\"><\/span><\/div><\/div><\/div><p><strong>Adresse<\/strong><br>Cabinet du Vully \/ Vully-Praxis<br>Route d\u2019Avenches 22<br>1585 Vully-les-Lacs<\/p><\/div><\/section><\/div><\/div><\/div><\/div><\/div><\/div><\/div><\/div><\/div><\/div><\/div><\/div><div class=\"vce-row-container\"><div class=\"vce-row vce-element--has-background vce-row--col-gap-0 vce-row-no-paddings vce-row-equal-height vce-row-content--top\" data-vce-full-width=\"true\" data-vce-stretch-content=\"true\" id=\"el-ff96a5c2\" data-vce-do-apply=\"all el-ff96a5c2\"><div class=\"vce-content-background-container\"><\/div><div class=\"vce-row-content\" data-vce-element-content=\"true\"><div class=\"vce-col vce-col--md-auto vce-col--xs-1 vce-col--xs-last vce-col--xs-first vce-col--sm-last vce-col--sm-first vce-col--md-last vce-col--lg-last vce-col--xl-last vce-col--md-first vce-col--lg-first vce-col--xl-first\" id=\"el-f87ab63c\"><div class=\"vce-col-inner\" data-vce-do-apply=\"border margin background  el-f87ab63c\"><div class=\"vce-col-content\" data-vce-element-content=\"true\" data-vce-do-apply=\"padding el-f87ab63c\"><div class=\"vce-text-block\"><div class=\"vce-text-block-wrapper vce\" id=\"el-eab08763\" data-vce-do-apply=\"all el-eab08763\"><h5 style=\"text-align: center;\"><span style=\"color: #ffffff;\"><i class=\"fa fa-quote-left\"><\/i>&nbsp; Une m\u00e9decine simple, compr\u00e9hensible et humaine, <\/span><br><span style=\"color: #ffffff;\">qui int\u00e8gre m\u00e9decine conventionnelle et m\u00e9decine compl\u00e9mentaire<\/span><\/h5><\/div><\/div><\/div><\/div><\/div><\/div><\/div><\/div><div class=\"vce-row-container\" data-vce-boxed-width=\"true\"><div class=\"vce-row vce-row--col-gap-30 vce-row-equal-height vce-row-content--top\" id=\"el-9c187337\" data-vce-do-apply=\"all el-9c187337\"><div class=\"vce-row-content\" data-vce-element-content=\"true\"><div class=\"vce-col vce-col--md-auto vce-col--xs-1 vce-col--xs-last vce-col--xs-first vce-col--sm-last vce-col--sm-first vce-col--md-last vce-col--lg-last vce-col--xl-last vce-col--md-first vce-col--lg-first vce-col--xl-first\" id=\"el-99ad78a8\"><div class=\"vce-col-inner\" data-vce-do-apply=\"border margin background  el-99ad78a8\"><div class=\"vce-col-content\" data-vce-element-content=\"true\" data-vce-do-apply=\"padding el-99ad78a8\"><div class=\"vce-single-image-container vce-single-image--align-center\"><div class=\"vce vce-single-image-wrapper\" id=\"el-14f192b9\" data-vce-do-apply=\"all el-14f192b9\"><figure><div class=\"vce-single-image-figure-inner\" style=\"width: 1024px;\"><div class=\"vce-single-image-inner vce-single-image--absolute\" style=\"width: 100%; padding-bottom: 66.6016%;\"><img loading=\"lazy\" class=\"vce-single-image\"  width=\"1024\" height=\"682\" src=\"https:\/\/cabinetduvully.ch\/app\/uploads\/2023\/02\/Lequipe.jpg\" data-img-src=\"https:\/\/cabinetduvully.ch\/app\/uploads\/2023\/02\/Lequipe.jpg\" alt=\"Lequipe - cabinet du vully\" title=\"Lequipe - cabinet du vully\" \/><\/div><\/div><figcaption hidden=\"\"><\/figcaption><\/figure><\/div><\/div><\/div><\/div><\/div><\/div><\/div><\/div>","protected":false},"excerpt":{"rendered":"<p>UrgencesM\u00e9decin de garde de la Broye: 0848 133 133Pharmacie de garde VD: 0848 133 133 ou https:\/\/garde.svph.chPharmacie de garde FR: 0900 146 146MedAtHome 7j\/7 7h \u00e0 22h 026 670 07 00Urgence vitale : 144EmailExclusivement pour les professionnels de la sant\u00e9Je suis un professionnel de la sant\u00e9T\u00e9l\u00e9phone026 677 13 08AdresseCabinet du Vully \/ Vully-PraxisRoute d\u2019Avenches 221585 [&hellip;]<\/p>\n","protected":false},"author":1,"featured_media":0,"parent":0,"menu_order":0,"comment_status":"closed","ping_status":"closed","template":"","meta":[],"acf":[],"_links":{"self":[{"href":"https:\/\/cabinetduvully.ch\/index.php?rest_route=\/wp\/v2\/pages\/8"}],"collection":[{"href":"https:\/\/cabinetduvully.ch\/index.php?rest_route=\/wp\/v2\/pages"}],"about":[{"href":"https:\/\/cabinetduvully.ch\/index.php?rest_route=\/wp\/v2\/types\/page"}],"author":[{"embeddable":true,"href":"https:\/\/cabinetduvully.ch\/index.php?rest_route=\/wp\/v2\/users\/1"}],"replies":[{"embeddable":true,"href":"https:\/\/cabinetduvully.ch\/index.php?rest_route=%2Fwp%2Fv2%2Fcomments&post=8"}],"version-history":[{"count":75,"href":"https:\/\/cabinetduvully.ch\/index.php?rest_route=\/wp\/v2\/pages\/8\/revisions"}],"predecessor-version":[{"id":264,"href":"https:\/\/cabinetduvully.ch\/index.php?rest_route=\/wp\/v2\/pages\/8\/revisions\/264"}],"wp:attachment":[{"href":"https:\/\/cabinetduvully.ch\/index.php?rest_route=%2Fwp%2Fv2%2Fmedia&parent=8"}],"curies":[{"name":"wp","href":"https:\/\/api.w.org\/{rel}","templated":true}]}}